nder when y(5) is divided by s(-2).
32
Suppose 2*h + 4*m - 3*m = -5, -3*m + 6 = -h. Calculate the remainder when 21 is divided by h/(66/(-128)) - 16/(-88).
3
Let t(s) = -s + 23. Let h be 9 + -4 + 3 - 0. Suppose 0 = -0*f - 2*f + h. What is the remainder when t(12) is divided by f?
3
Let h = 7 - 5. Suppose -5*p - 66 = -h*p. Let o = -19 - p. What is the remainder when o is divided by 3?
0
Suppose -4 = -5*y + 9*y. Suppose 2*x = -33 + 167. Calculate the remainder when x is divided by 15/18 + y + 103/6.
16
Suppose y = n - 17 - 4, 5*y = n - 17. Let d = -2504 + 2537. What is the remainder when d is divided by n?
11
Suppose 19*s - 11*s - 120 = 0. What is the remainder when 124 is divided by s?
4
Let f = -40 + 49. Suppose -q + 76 = -4*z + f, z + 3 = 0. Suppose -4*p + 91 = 5*r, 4*p - r - 67 = 2*r. What is the remainder when q is divided by p?
17
Let x = -179 + 110. Let o = -32 - x. Suppose o + 3 = 5*y. What is the remainder when 22 is divided by y?
6
Suppose -3*g - 88 = -6*g + 5*k, 0 = -g + 5*k + 46. Let i = 2187 + -2107. What is the remainder when i is divided by g?
17
Suppose -22*o - 29*o + 969 = 0. What is the remainder when 128 is divided by o?
14
What is the remainder when ((-20)/8 - 0 - -2)*-874 is divided by 55?
52
Suppose -87*k + 0 = -84*k - 12. Let f = 8 + -3. Suppose -f*m = -m - 36. Calculate the remainder when m is divided by k.
1
Let s = 1395 + -1374. Calculate the remainder when 146 is divided by s.
20
Let i be 105/(-14) - 1/(-2). Let c = 12 + i. Suppose 0 = 5*f + 5*s - 25, 0*f - c*f + s = -19. Calculate the remainder when 14 is divided by f.
2
Suppose r - 1 = 0, 4*k - 3*r - 14 = -1. Calculate the remainder when 26/1 - (k - 6) is divided by (-57)/(-15) - -3 - (-52)/(-65).
4
Let u = 52 - -1. Suppose 58*d = u*d + 170. Calculate the remainder when 135 is divided by d.
33
Let z = 17 + 9. Suppose -4*k - 36 = -4*h, 3*h - 3*k = 2*k + 35. What is the remainder when z is divided by h?
1
Let z = 69 + -22. What is the remainder when 233 is divided by z?
45
Let g(v) = -28*v - 18. Let b be g(-3). Suppose b = -4*f + 202. What is the remainder when f is divided by 13?
8
Let p be (30 + (3 + -6 - -1))*1. Suppose -p*k + 64 = -24*k. Calculate the remainder when 57 is divided by k.
9
Suppose -2*t - 255 = -3*c, 8*c + 2*t - 255 = 5*c. Calculate the remainder when c is divided by 43.
42
Let p be 1/(-3)*-3*3. Suppose 0 = -p*s + 57 + 42. Let v(f) = 7*f**2 + 5*f - 3. Calculate the remainder when s is divided by v(1).
6
Suppose 899 = -n + 6*n + x, 4*n = x + 721. Suppose 0 = 4*c - 9*c + n. Calculate the remainder when 70 is divided by c.
34
Let h = -170 - -474. Calculate the remainder when h is divided by 102.
100
Suppose 4*y - 12 + 4 = 0. Suppose 26 = y*i - 2*h, 30 = 2*i - h - 3*h. Calculate the remainder when 53 is divided by i.
9
Suppose -s - 6 + 9 = 0. Let c(d) = 12*d - 4. Let o = -22 + 33. What is the remainder when c(s) is divided by o?
10
Suppose 11*i = -8 + 52. Suppose i*b = 6*b - 70. Calculate the remainder when b is divided by 19.
16
What is the remainder when 12/16*172 + 4 is divided by 15?
13
What is the remainder when 143 is divided by (4 - -15) + 0 - 1?
17
Calculate the remainder when 372/52 + -7 + (-1296)/(-26) is divided by 18.
14
Suppose -190*s = -216*s + 3016. Calculate the remainder when s is divided by 63.
53
Let x(a) = 3*a**3 - 9*a**2 + 10*a - 7. What is the remainder when 398 is divided by x(4)?
74
Suppose 37*z - 43*z + 241 + 11 = 0. Calculate the remainder when 121 - (-1 + -1)/2 is divided by z.
38
Let y(o) = -7*o - 98. What is the remainder when 32 is divided by y(-15)?
4
Suppose -6*k = p - 8*k - 340, 3*k + 1679 = 5*p. What is the remainder when p is divided by 87?
73
Suppose 3*a + 28 = 88. Suppose 10*m - a = 9*m. Suppose 3*g = g + o + 27, 5*o + 80 = 5*g. What is the remainder when m is divided by g?
9
Let o be 12/18 + (-248)/12. Calculate the remainder when 0 + (-418)/(-8) + (-15)/o is divided by 20.
13
Suppose 49 = 5*k - 26. Let n be (-3)/((-9)/(-3))*-31. Suppose -4*a + 77 + n = 0. What is the remainder when a is divided by k?
12
Let a = 8 + -3. Suppose a*o = 228 + 277. Calculate the remainder when o is divided by 15.
11
Let p be (-2)/(-8) + ((-90)/8 - -1). Let l = 4 - p. What is the remainder when l is divided by 5?
4
Let c(o) = 2*o**2 - o + 2. Let l be (3/(-2))/((-21)/280). Calculate the remainder when c(5) is divided by (-96)/l*10/(-3).
15
Suppose 7*z = 2*z + 70. Suppose 0*m = -4*a + 2*m + 2, 3*m = -3. Suppose a = 4*f + 2*o - 220, -5*f - o - o = -273. What is the remainder when f is divided by z?
11
Calculate the remainder when 90 is divided by ((-4)/(-4))/((2/34)/1).
5
Suppose -4*q - 5*p + 6 + 138 = 0, 4*p = 0. What is the remainder when q is divided by ((30 - 13) + -10)*40/14?
16
Suppose 4 + 5 = 3*j. Let y(k) = 6*k - 10. Let w be y(4). What is the remainder when 11 is divided by (6/4)/(j/w)?
4
Let l(h) = h**2 + 5*h + 2. Let w be l(-4). Let c(o) = o**3 + 4*o**2 + 2*o. Calculate the remainder when 4 is divided by c(w).
0
Suppose -17*b + 1740 = -5*b. Calculate the remainder when b is divided by 44.
13
Suppose 5*o + 4 - 79 = 0. Suppose c = -4*z - 19, 2*z = -c + 6 - o. Calculate the remainder when 32 is divided by (2 + -5 - -13) + c.
10
Calculate the remainder when (142/(-5))/((-4)/40) is divided by 13.
11
Let p = 66 + -94. Let c = p + 131. Calculate the remainder when c is divided by 15.
13
Let l = -207 - -223. Calculate the remainder when 301 is divided by l.
13
Suppose -2*s + 36 = -5*f, 83 + 1 = 4*s - 4*f. Let p = 37 - s. What is the remainder when 26 is divided by p?
12
Suppose 0 = 8*q - 13*q + 2145. What is the remainder when q is divided by 72?
69
Suppose 0 = -9*v + 42*v - 1089. Suppose -3*r = 0, -w = -2*r - 3 - 4. What is the remainder when v is divided by w?
5
Suppose 49 + 56 = -5*i. Suppose 0 = 5*f - 170 - 120. Let u = i + f. Calculate the remainder when u is divided by 10.
7
Suppose -3*q + 4*w - 9 = 1, -2*q + 5*w = 16. Suppose -q*l = -l - 14. Calculate the remainder when 53 is divided by l.
11
Suppose 0 = 17*t - 15*t - 46. Let o(s) = -17*s + 3. Calculate the remainder when o(-5) is divided by t.
19
Calculate the remainder when 444 is divided by (20 - 19)/((-2)/(-178)).
88
Suppose -5*w = -62 - 223. What is the remainder when 226 is divided by w?
55
What is the remainder when 118 is divided by (18/7)/(114/1064)?
22
Suppose 2*l + 3*t + 26 = 152, -t = 5*l - 289. Suppose 100 = -10*y + 15*y. Calculate the remainder when l is divided by y.
17
Let g = 44 + -25. Let r = 37 - g. Suppose 25 = 5*v + 5*l, 0 = -0*v + 3*v - 5*l - 31. Calculate the remainder when r is divided by v.
4
Suppose -3*a - 15 = -z, -4*z + 104 = a - 2*a. What is the remainder when z is divided by 15?
12
Let t(a) be the first derivative of -a**3/3 - a**2 + 5*a - 2. Let j be t(-4). Let p(g) = -4*g + 5. What is the remainder when 48 is divided by p(j)?
14
Calculate the remainder when 137 is divided by (4/7)/(4/490).
67
Suppose -23 = 4*a + 25. Calculate the remainder when 60 is divided by (-20)/2*(-3)/(a/(-10)).
10
Let s(v) = -v + 3. Calculate the remainder when (-885)/(-33) + ((-40)/22 - -2) is divided by s(-14).
10
Let l(w) be the first derivative of -w**3/3 + 7*w**2 - 20*w + 26. Calculate the remainder when l(9) is divided by 13.
12
Suppose 30*r = 7*r + 3979. Calculate the remainder when r is divided by 25.
23
Let k = -53 + 67. Suppose -55 = -k*a + 85. Calculate the remainder when 48 is divided by a.
8
Suppose 1539 = -34*b + 6639. What is the remainder when b is divided by 33?
18
Let a = 169 + -87. Let x = -76 + a. What is the remainder when 10 is divided by x?
4
Let w = 139 + -27. Suppose -2*r + 6*r = -w. What is the remainder when 11 is divided by (-15)/(-6)*r/(-10)?
4
Let f(y) = 2*y**2 - 39*y + 273. Calculate the remainder when f(11) is divided by 7.
2
Let x = 1303 + -1104. What is the remainder when x is divided by 39?
4
Suppose -3*w - 100 = -403. Let y(j) = 4*j + 106. Calculate the remainder when w is divided by y(-18).
33
Let a(o) = -5*o + 66. Let h be a(8). Suppose 0*n + 3*q = 4*n - 12, n - h = -5*q. What is the remainder when 15 is divided by n?
3
Suppose s - 3*j + 8*j - 17 = 0, -4*s = -j - 47. Suppose -5*x = s - 257. What is the remainder when x is divided by 13?
10
Let c = 57 + -56. Suppose 3 + 15 = x. What is the remainder when (-2 + c)*-33 - (-3)/3 is divided